 38097*r - 229495. Calculate g(6).
-913
Let i(f) = 533*f**2 + 508483*f + 820. Give i(-954).
-134
Let p(j) = 2*j**3 + 109*j**2 + 194*j + 7587. Determine p(-54).
27
Let x(h) = -839*h + 22171. Calculate x(27).
-482
Let n(v) = -605*v - 50226. Give n(-83).
-11
Let h(u) = -u**2 - 14132*u + 70653. Give h(5).
-32
Let y(k) = 3*k**2 + 27*k - 349. Calculate y(-17).
59
Let c(y) = y**3 - 150*y**2 + 2253*y + 141886. Determine c(122).
0
Let s(o) = 3*o**3 + 11*o**2 + 3*o - 52. What is s(-7)?
-563
Let j(a) = 3*a**3 - a**2 + 26*a + 55. What is j(-2)?
-25
Let d(w) = -3742*w + 696007. Determine d(186).
-5
Let i(q) = -2*q**3 - 23*q**2 - 74*q + 20. Determine i(-5).
65
Let g(i) = i**2 - 138*i + 2741. Give g(116).
189
Let w(g) = -41*g**2 - 271*g + 20. What is w(-12)?
-2632
Let p(i) = -33423*i + 334315. Calculate p(10).
85
Let a(b) = 533*b + 17200. Give a(-32).
144
Let m(w) = w**3 + 24*w**2 + 5015*w + 98758. What is m(-20)?
58
Let y(h) = 1601*h - 58529. Calculate y(35).
-2494
Let g(c) = c**2 - 20901*c + 229801. Calculate g(11).
11
Let m(p) = -p**3 + 82*p**2 + 306*p - 508. What is m(86)?
-3776
Let j(b) = 5*b**3 - 12*b**2 + 122*b - 655. What is j(5)?
280
Let h(v) = 2386*v - 19762. Give h(8).
-674
Let w(h) = -2*h**3 - 24*h**2 - 57*h - 284. Determine w(-11).
101
Let r(g) = g**3 - 742*g**2 - 9066*g + 17. Determine r(-12).
233
Let d(z) = 7*z**2 - 1092*z - 3333. Determine d(159).
6
Let d(g) = -2*g**3 - 28*g**2 + 3*g - 7. What is d(-13)?
-384
Let n(a) = -99402*a + 695745. Give n(7).
-69
Let c(y) = -y**2 + 321*y + 11744. Determine c(-33).
62
Let n(g) = -457*g + 7890. Calculate n(17).
121
Let l(a) = 5404*a - 48655. Calculate l(9).
-19
Let p(j) = j**3 - j**2 + 218*j + 481. Determine p(0).
481
Let r(q) = 43*q**2 + 629*q + 8608. What is r(-14)?
8230
Let z(y) = -74*y + 3041. Determine z(40).
81
Let c(p) = -64256*p + 3598335. Give c(56).
-1
Let u(q) = q**2 + 941*q + 12981. Calculate u(-14).
3
Let b(l) = 200708*l + 54. Calculate b(0).
54
Let x(l) = l**2 + 38*l - 452. Calculate x(10).
28
Let v(a) = -41*a**2 + 673*a - 1329. What is v(2)?
-147
Let p(v) = 17*v**2 + 103*v + 1166. Determine p(-12).
2378
Let q(t) = 4121*t + 70259. Give q(-17).
202
Let w(b) = 2*b**3 + 3*b**2 - 1438*b + 13258. What is w(18)?
10
Let q(j) = 39*j**2 - 257*j + 948. Determine q(4).
544
Let l(n) = -174*n - 102. What is l(1)?
-276
Let r(w) = -3*w**2 - 79*w + 1686. Calculate r(24).
-1938
Let z(v) = 21*v**3 - 443*v**2 - 9*v + 1181. Determine z(21).
110
Let t(d) = 20*d**2 - 1145*d + 5616. Give t(52).
156
Let p(s) = -95*s + 4619. Calculate p(47).
154
Let s(m) = -1422*m - 5640. Calculate s(-2).
-2796
Let t(r) = -r**3 + 34*r**2 - 135*r + 48. Calculate t(29).
338
Let m(p) = -p**3 - 502*p**2 - 1684*p - 93305. Determine m(-499).
8
Let u(i) = -4802*i - 542636. Determine u(-113).
-10
Let p(z) = -10*z**2 + 413*z + 853. Give p(44).
-335
Let b(f) = -f**2 + 107*f - 2778. Give b(67).
-98
Let y(g) = 4456*g - 396659. Give y(89).
-75
Let h(j) = -j**3 + 117*j**2 + 553*j + 82. Determine h(-5).
367
Let s(p) = 45429*p + 726917. Calculate s(-16).
53
Let c(g) = -g**3 + 19*g**2 - 5*g + 267. What is c(21)?
-720
Let v(t) = -t**3 + 51*t**2 + 91*t - 1538. Calculate v(52).
490
Let w(b) = -7856*b + 34781. Calculate w(4).
3357
Let z(a) = a**3 + 11*a**2 + 157*a + 1327. Determine z(-9).
76
Let q(p) = -10*p**3 + 26*p**2 + 31*p - 204. Calculate q(-3).
207
Let g(s) = 90*s**2 - 54*s - 19. What is g(-4)?
1637
Let d(n) = 60*n**2 + 277*n + 135. Calculate d(-5).
250
Let f(r) = 57*r**2 - 1388*r + 437. Calculate f(24).
-43
Let c(l) = 781*l - 15523. Determine c(20).
97
Let o(q) = -42663*q + 853264. What is o(20)?
4
Let l(q) = q**2 + 559*q - 72697. Give l(111).
1673
Let k(y) = 3039*y - 215782. Determine k(71).
-13
Let m(c) = -c**2 + 313*c - 6809. Give m(23).
-139
Let s(k) = -k**2 + 34*k + 51. What is s(-8)?
-285
Let q(a) = -a**2 - 545*a - 4270. What is q(-8)?
26
Let l(o) = -o**2 + 41609*o - 457596. Calculate l(11).
-18
Let i(c) = 182*c - 3098. Give i(18).
178
Let c(a) = a**3 + 19*a**2 + 246*a + 3661. Calculate c(-14).
1197
Let h(z) = 3*z**2 + 475*z + 18116. Determine h(-94).
-26
Let o(j) = -11*j**2 - 95196*j + 4113761. Calculate o(43).
-6
Let h(v) = v**2 + 3821*v - 209259. What is h(54)?
-9
Let p(r) = r**2 - 15926*r + 6452185. Determine p(416).
25
Let r(o) = -o**2 + 836*o - 169355. What is r(344)?
-107
Let q(j) = -6*j**2 + 336*j + 3745. Determine q(-11).
-677
Let d(k) = 969*k + 18452. Calculate d(-19).
41
Let p(y) = -4540*y + 199760. Calculate p(44).
0
Let p(d) = -7*d**2 + 489*d - 6493. Determine p(17).
-203
Let s(y) = 60669*y + 242606. Give s(-4).
-70
Let i(r) = 82*r**2 - 1539*r + 5642. Give i(5).
-3
Let z(o) = o**3 - 130*o**2 - 2437*o + 331012. Give z(129).
-2
Let m(n) = 50061*n + 750892. What is m(-15)?
-23
Let o(x) = -5446*x - 24366. What is o(-4)?
-2582
Let k(n) = -2*n**3 - 248*n**2 + 6*n + 623. Calculate k(-124).
-121
Let z(p) = -5*p**3 - 667*p**2 + 1091*p + 1459. What is z(-135)?
-26
Let f(a) = a**2 + 594*a + 79225. Calculate f(-202).
41
Let f(i) = 6*i**2 - 107*i + 187. Give f(16).
11
Let y(x) = 22*x**3 + 17181*x**2 - 17186*x - 1. Give y(1).
16
Let n(w) = 125349*w - 2632314. What is n(21)?
15
Let j(t) = 77*t**2 + 5528*t + 4345. What is j(-71)?
14
Let r(x) = -10*x**2 + 5165*x - 7750. Calculate r(515).
-25
Let x(n) = 3*n**2 + 3929*n + 249754. Determine x(-67).
-22
Let p(h) = -2*h**3 + 48*h**2 + 964*h + 34. Give p(-13).
8
Let p(o) = -o**2 - 2283*o + 43711. Give p(19).
-27
Let p(o) = 135*o**2 - 2657*o + 1667. Calculate p(19).
-81
Let o(v) = v**3 - v**2 - 1043*v - 11827. Determine o(-22).
-13
Let g(s) = 17*s**2 - 1374*s - 7595. Determine g(86).
-27
Let v(o) = 926*o - 5596. Determine v(7).
886
Let m(b) = -b**2 - 270*b - 18163. Determine m(-144).
-19
Let y(d) = 498*d**2 + 8992*d - 24. What is y(-18)?
-528
Let c(h) = -344280*h - 1721409. Give c(-5).
-9
Let p(n) = -23*n**2 + 3988*n + 1658. Determine p(174).
-778
Let w(s) = -122*s**3 + 3418*s**2 - 54*s + 11. Determine w(28).
67
Let z(h) = -11*h**3 + 88*h**2 + 406*h - 3260. What is z(8)?
-12
Let j(v) = -213*v**2 - 28632*v - 12062. Determine j(-134).
-2
Let c(x) = 9804*x + 323044. Determine c(-33).
-488
Let k(s) = s**3 - 268*s**2 + 3076*s - 1689. Give k(256).
-665
Let i(u) = 2*u**3 - 134*u**2 + 1648*u - 786. What is i(51)?
30
Let b(t) = -6266*t - 256937. Calculate b(-41).
-31
Let k(t) = -t**2 + 293*t - 9584. What is k(39)?
322
Let d(v) = -5*v**2 - 32*v - 53. Give d(4).
-261
Let h(s) = s**3 - 76*s**2 - 39*s - 143370. Determine h(93).
36
Let k(m) = -m**3 - 163*m**2 - 2362*m - 1469. Calculate k(-147).
1
Let c(m) = -785*m**2 + 17194*m + 1551. What is c(22)?
-121
Let g(n) = -2*n**3 + 741*n**2 - 1846*n + 3259. Determine g(368).
1051
Let l(b) = -2*b**3 - 62*b**2 + 1117*b + 25549. What is l(-16)?
-3
Let g(r) = 2*r**2 - 57*r - 844. Give g(-13).
235
Let r(v) = -4*v**3 + 58*v**2 + 23*v + 4. Give r(14).
718
Let x(b) = -56*b + 2074. What is x(38)?
-54
Let q(c) = -3424*c + 404027. Calculate q(118).
-5
Let v(u) = -u**3 + 99*u**2 + 13*u - 1371. Calculate v(99).
-84
Let z(n) = -55824*n - 111650. Calculate z(-2).
-2
Let t(d) = 6286*d + 201321. What is t(-32)?
169
Let v(m) = -m**3 - 51*m**2 - 285*m + 234. Determine v(-46).
2764
Let q(c) = -2590*c + 18145. Calculate q(7).
15
Let l(y) = -2320*y**2 - 2224*y + 91. Give l(-1).
-5
Let o(b) = -85*b**2 - 1720*b - 421. Determine o(-20).
-21
Let a(k) = -927*k - 157603. Give a(-171).
914
Let a(z) = -z**2 + 710*z - 31810. Calculate a(46).
-1266
Let r(q) = 58769*q + 764031. Give r(-13).
34
Let x(v) = 2*v**3 - 194*v**2 - 26*v + 361. Give x(97).
-2161
Let x(z) = -z**3 + 489*z**2 - 14169*z - 13292. Give x(458).
-10
Let i(o) = 6*o**2 + 1045*o + 7105. Calculate i(-7).
84
Let z(k) = -4309*k**2 + 228378*k - 78. What is z(53)?
-25
Let b(z) = -150*z - 1215. Give b(-7).
-165
Let n(r) = r**3 + 128*r**2 - 474*r - 76319. Calculate n(-127).
8
Let d(o) = 8*o**2 - 254*o - 687. What is d(34)?
-75
Let d(a) = 104*a**3 + 20*a**2 + 44*a - 9. What is d(-2)?
-849
Let y(z) = -4223*z + 11786. Calculate y(3).
-883
Let r(f) = f**2 + 146*f + 4234. Calculate r(-107).
61
Let w(t) = 4*t**2 - 1000*t - 12. Give w(250).
-12
Let a(m) = -227*m + 7756. Give a(48).
-3140
Let u(c) = 2*c**2 + 233*c - 130209. Calculate u(-320).
31
Let j(d) = -4146*d + 49926. Calculate j(12).
174
Let p(o) = 3*o**2 - 118*o + 1930. Calculate p(24).
826
